41
Calculate the greatest common divisor of 336 and 63.
21
What is the greatest common factor of 260 and 940?
20
What is the highest common divisor of 10614 and 244?
122
Calculate the highest common factor of 13 and 208.
13
What is the greatest common divisor of 132 and 5280?
132
What is the highest common factor of 500 and 100?
100
What is the greatest common factor of 32 and 496?
16
What is the highest common divisor of 123 and 19311?
123
What is the highest common divisor of 52 and 20?
4
Calculate the greatest common divisor of 43 and 172.
43
What is the greatest common factor of 64 and 848?
16
Calculate the greatest common factor of 15522 and 234.
78
What is the greatest common divisor of 7217 and 7?
7
Calculate the highest common divisor of 104 and 20176.
104
Calculate the greatest common factor of 44 and 748.
44
What is the greatest common divisor of 32 and 1000?
8
What is the greatest common factor of 783 and 1341?
9
Calculate the highest common divisor of 34 and 3026.
34
Calculate the greatest common factor of 5684 and 147.
49
Calculate the greatest common factor of 2875 and 138.
23
Calculate the greatest common divisor of 54 and 90.
18
Calculate the greatest common divisor of 34 and 697.
17
Calculate the greatest common divisor of 82 and 51250.
82
What is the highest common factor of 56 and 1288?
56
What is the greatest common divisor of 38 and 2071?
19
Calculate the highest common divisor of 384 and 456.
24
Calculate the greatest common divisor of 1168 and 219.
73
What is the greatest common divisor of 684 and 570?
114
What is the highest common factor of 69 and 8349?
69
Calculate the greatest common factor of 68 and 272.
68
What is the greatest common divisor of 20 and 140?
20
Calculate the greatest common divisor of 30 and 1260.
30
What is the greatest common divisor of 61423 and 257?
257
What is the greatest common divisor of 50 and 62150?
50
What is the highest common factor of 41 and 6109?
41
What is the highest common divisor of 1414 and 602?
14
What is the greatest common factor of 51 and 39?
3
Calculate the greatest common factor of 112 and 133.
7
What is the highest common divisor of 27 and 27?
27
Calculate the greatest common divisor of 481 and 13.
13
Calculate the highest common factor of 1012 and 276.
92
Calculate the greatest common factor of 4 and 78.
2
What is the highest common factor of 90 and 126?
18
What is the greatest common factor of 88 and 1375?
11
What is the greatest common divisor of 36 and 52308?
36
What is the highest common divisor of 91 and 119?
7
What is the greatest common factor of 2242 and 114?
38
What is the highest common factor of 8448 and 396?
132
What is the highest common divisor of 666 and 54?
18
Calculate the greatest common factor of 84 and 2868.
12
What is the highest common factor of 21 and 567?
21
Calculate the greatest common factor of 111 and 51393.
111
Calculate the highest common divisor of 172 and 301.
43
Calculate the greatest common divisor of 2 and 194.
2
Calculate the highest common factor of 77 and 91.
7
What is the greatest common factor of 9 and 1038?
3
Calculate the highest common divisor of 57 and 1653.
57
What is the greatest common factor of 924 and 88?
44
Calculate the highest common factor of 560 and 350.
70
What is the greatest common divisor of 7700 and 20?
20
Calculate the greatest common factor of 221 and 697.
17
Calculate the greatest common divisor of 387 and 43.
43
Calculate the highest common factor of 48 and 1200.
48
Calculate the greatest common factor of 385 and 1100.
55
Calculate the greatest common divisor of 979 and 11.
11
Calculate the highest common divisor of 399 and 231.
21
What is the highest common divisor of 72 and 120?
24
What is the highest common divisor of 11312 and 505?
101
What is the greatest common factor of 46 and 368?
46
Calculate the highest common divisor of 15 and 125.
5
What is the highest common factor of 372 and 2108?
124
Calculate the greatest common divisor of 69928 and 8.
8
Calculate the greatest common divisor of 322 and 46.
46
What is the greatest common divisor of 57 and 76?
19
Calculate the greatest common divisor of 100 and 40.
20
Calculate the highest common factor of 4014 and 18.
18
What is the highest common divisor of 87 and 1392?
87
Calculate the highest common divisor of 64 and 1856.
64
What is the highest common divisor of 35 and 1470?
35
What is the greatest common factor of 6873 and 1185?
237
What is the greatest common factor of 114 and 684?
114
What is the greatest common factor of 3312 and 1863?
207
What is the greatest common divisor of 162 and 42?
6
What is the greatest common divisor of 30464 and 238?
238
Calculate the greatest common factor of 90 and 10.
10
Calculate the greatest common factor of 132 and 2156.
44
Calculate the highest common divisor of 12 and 1572.
12
What is the highest common divisor of 126 and 234?
18
Calculate the highest common divisor of 258 and 903.
129
What is the highest common factor of 324 and 12?
12
What is the greatest common factor of 441 and 486?
9
Calculate the greatest common divisor of 90 and 1390.
10
What is the highest common divisor of 39 and 39?
39
Calculate the highest common factor of 5022 and 930.
186
Calculate the highest common divisor of 110 and 20.
10
What is the highest common divisor of 22 and 187?
11
Calculate the greatest common divisor of 190 and 20.
10
Calculate the greatest common factor of 30 and 465.
15
What is the highest common factor of 100 and 270?
10
Calculate the highest common divisor of 777 and 42.
21
What is the highest common divisor of 72 and 312?
24
Calculate the highest common factor of 19339 and 233.
233
Calculate the highest common factor of 1092 and 624.
156
What is the highest common factor of 56 and 32?
8
Calculate the greatest common divisor of 247 and 1634.
19
What is the highest common divisor of 26 and 416?
26
Calculate the highest common divisor of 1442 and 28.
14
What is the greatest common divisor of 73 and 1?
1
Calculate the highest common factor of 182 and 14.
14
What is the highest common factor of 6127 and 33?
11
What is the greatest common divisor of 4914 and 1326?
78
What is the greatest common factor of 16150 and 10?
10
Calculate the highest common factor of 551 and 38.
19
What is the greatest common factor of 220 and 44?
44
What is the greatest common divisor of 820 and 1620?
20
What is the greatest common divisor of 68 and 68?
68
Calculate the greatest common divisor of 1537 and 29.
29
Calculate the greatest common divisor of 63 and 81.
9
Calculate the greatest common divisor of 184 and 32.
8
What is the greatest common factor of 1240 and 80?
40
What is the greatest common factor of 65 and 637?
13
Calculate the highest common divisor of 2831 and 2533.
149
Calculate the greatest common divisor of 2716 and 28.
28
What is the highest common divisor of 6 and 2532?
6
What is the highest common divisor of 27 and 1269?
27
Calculate the greatest common factor of 10819 and 31.
31
Calculate the greatest common factor of 294 and 98.
98
Calculate the greatest common divisor of 9 and 12.
3
Calculate the greatest common divisor of 744 and 24.
24
Calculate the greatest common divisor of 48 and 172.
4
Calculate the highest common factor of 2201 and 93.
31
Calculate the highest common divisor of 192 and 36.
12
What is the highest common factor of 117 and 273?
39
Calculate the greatest common factor of 64 and 2.
2
Calculate the greatest common factor of 96 and 10464.
96
What is the highest common factor of 54 and 1701?
27
Calculate the highest common divisor of 309 and 2369.
103
Calculate the highest common factor of 27419 and 14.
7
What is the highest common factor of 25 and 9325?
25
Calculate the highest common factor of 246 and 5863.
41
Calculate the highest common divisor of 11 and 209.
11
Calculate the highest common divisor of 40 and 5.
5
What is the highest common divisor of 4859 and 43?
43
What is the greatest common divisor of 13026 and 78?
78
Calculate the greatest common factor of 27 and 10089.
9
What is the greatest common factor of 777 and 333?
111
Calculate the highest common factor of 336 and 3216.
48
Calculate the greatest common factor of 76 and 76.
76
What is the highest common factor of 48 and 408?
24
Calculate the hi